t is the greatest common divisor of 2009616000 and 5600?
5600
What is the greatest common divisor of 6795025 and 282?
47
What is the greatest common divisor of 184 and 116552362?
46
Calculate the highest common divisor of 222992847 and 66.
33
Calculate the highest common divisor of 1025 and 11406323.
41
What is the highest common factor of 1120055 and 10505?
5
What is the greatest common factor of 10311179 and 3595?
719
What is the highest common divisor of 264262896 and 144?
144
Calculate the highest common divisor of 145403 and 530646.
1499
Calculate the greatest common factor of 703 and 916104.
19
Calculate the greatest common divisor of 3688888 and 2128.
1064
What is the greatest common divisor of 9820 and 41555?
5
Calculate the highest common factor of 5196435 and 4590.
15
What is the greatest common divisor of 618889 and 783?
29
What is the greatest common divisor of 4536201 and 471?
471
What is the greatest common divisor of 647796 and 14652?
444
What is the greatest common factor of 24558148 and 1772?
1772
What is the highest common divisor of 10988 and 4510?
82
Calculate the highest common divisor of 80 and 2778449840.
80
Calculate the greatest common divisor of 1850816 and 1452.
484
What is the highest common divisor of 11534 and 263?
1
Calculate the greatest common factor of 297 and 36374085.
99
What is the highest common divisor of 40455557 and 3029?
233
Calculate the greatest common factor of 279212 and 12035.
2407
Calculate the highest common factor of 324 and 25586523.
81
What is the greatest common factor of 75431366 and 538?
538
Calculate the greatest common divisor of 9 and 19183269.
3
What is the greatest common divisor of 52 and 26331331?
13
What is the highest common factor of 80271625 and 800?
25
Calculate the greatest common divisor of 18482123 and 633.
211
What is the highest common factor of 206251104 and 24?
24
Calculate the greatest common factor of 3448247 and 22.
11
What is the highest common factor of 13851 and 7097697?
171
Calculate the highest common divisor of 9158 and 62398274.
482
What is the greatest common factor of 1732764 and 242?
22
What is the highest common factor of 9798 and 8790600?
138
Calculate the highest common divisor of 27609847 and 4717.
89
What is the highest common factor of 135 and 172270908?
27
Calculate the greatest common factor of 10327625 and 39886.
2849
What is the greatest common divisor of 101897 and 11030203?
589
Calculate the highest common divisor of 7838548 and 4.
4
Calculate the highest common factor of 3604 and 9198892.
212
What is the highest common factor of 16548264 and 1512?
72
Calculate the greatest common factor of 1683 and 56282787.
99
What is the greatest common factor of 347950 and 36050?
50
Calculate the greatest common factor of 510 and 76264431.
51
What is the highest common divisor of 201 and 230712?
3
What is the highest common factor of 303 and 795305613?
303
Calculate the highest common factor of 1408 and 194672.
16
What is the greatest common divisor of 2030 and 9540188?
406
What is the greatest common divisor of 34646547 and 52?
13
What is the greatest common factor of 40327882 and 490?
98
What is the greatest common factor of 496 and 471760?
16
What is the greatest common factor of 1743422 and 58?
58
Calculate the highest common divisor of 2754476 and 5508.
68
Calculate the greatest common divisor of 26 and 55188627.
13
What is the greatest common divisor of 311564 and 113684?
388
What is the greatest common factor of 287 and 751407?
41
Calculate the greatest common factor of 26 and 107831399.
13
Calculate the greatest common divisor of 12770600 and 5.
5
What is the greatest common divisor of 18215 and 12575636?
3643
Calculate the highest common factor of 1978 and 14878.
86
Calculate the greatest common factor of 5750 and 5022050.
1150
Calculate the highest common factor of 145 and 30725.
5
What is the highest common divisor of 33 and 11405944?
11
Calculate the highest common divisor of 560 and 3067085.
35
What is the greatest common divisor of 5478 and 708?
6
What is the greatest common divisor of 7434 and 48026118?
2478
Calculate the highest common divisor of 4278258 and 2916.
486
What is the highest common divisor of 32310708 and 636?
636
What is the greatest common factor of 1304 and 56486020?
652
What is the highest common factor of 27015683 and 178?
89
What is the greatest common divisor of 1220 and 101902940?
1220
What is the greatest common factor of 136467 and 20139768?
531
What is the greatest common divisor of 41860515 and 15?
15
Calculate the highest common factor of 30 and 75512370.
30
Calculate the highest common divisor of 1878 and 130208626.
626
Calculate the highest common factor of 413 and 2930354.
7
What is the greatest common divisor of 6658162 and 168?
14
What is the highest common divisor of 107619860 and 53924?
4148
Calculate the greatest common divisor of 1964 and 24652.
4
What is the highest common factor of 1475072 and 36?
4
What is the greatest common divisor of 50388336 and 648?
72
What is the greatest common factor of 448 and 849716?
28
Calculate the greatest common divisor of 307811 and 147.
7
What is the greatest common divisor of 207 and 160983?
9
Calculate the highest common factor of 492 and 7377.
3
What is the greatest common factor of 5873237 and 56461?
431
What is the highest common factor of 112473059 and 253?
23
What is the greatest common divisor of 10872 and 2682666?
2718
What is the greatest common divisor of 9641628 and 222108?
2676
What is the highest common divisor of 7471696 and 246448?
1168
What is the highest common divisor of 27 and 12769857?
9
Calculate the highest common divisor of 1388304 and 6865632.
4464
Calculate the highest common divisor of 22637185 and 5.
5
What is the highest common factor of 71937762 and 1482?
1482
What is the highest common factor of 203 and 496973?
29
What is the highest common factor of 154873107 and 1446?
723
Calculate the highest common divisor of 5405 and 23769005.
115
Calculate the highest common divisor of 12568 and 92032322.
3142
Calculate the greatest common divisor of 125821310 and 670.
670
What is the highest common factor of 13578752 and 220?
44
Calculate the highest common divisor of 142919229 and 86.
43
Calculate the greatest common factor of 1880500 and 8000.
500
Calculate the greatest common divisor of 13205 and 6088895.
695
What is the greatest common factor of 180 and 10671330?
30
Calculate the greatest common factor of 9021170 and 3210.
1070
Calculate the greatest common divisor of 2029600 and 24.
8
Calculate the greatest common factor of 56 and 33195946.
14
What is the greatest common factor of 11191689 and 243?
81
What is the greatest common factor of 1999473 and 28?
7
Calculate the highest common divisor of 45 and 11466099.
9
What is the highest common divisor of 1705440 and 198816?
1824
Calculate the greatest common divisor of 4145 and 141815.
5
What is the greatest common divisor of 218831 and 11269?
59
Calculate the greatest common factor of 125433 and 12739685.
1267
What is the greatest common divisor of 80 and 4767712?
16
What is the highest common factor of 23668273 and 30748?
7687
What is the greatest common factor of 6802471 and 14792?
1849
What is the greatest common factor of 1750521 and 79008?
2469
What is the greatest common divisor of 9416398 and 4558?
86
What is the highest common divisor of 3333721 and 6004?
1501
Calculate the highest common factor of 1251860 and 454740.
1060
Calculate the highest common divisor of 197 and 10524331.
197
Calculate the greatest common factor of 121071834 and 54.
54
What is the highest common factor of 649 and 1792774?
59
Calculate the greatest common factor of 63188 and 1048.
4
Calculate the greatest common divisor of 35180460 and 672.
84
What is the highest common factor of 9310 and 2092545?
245
What is the highest common divisor of 280194 and 66372522?
4182
What is the highest common divisor of 30 and 1165674765?
15
What is the highest common factor of 6982580 and 2805?
935
What is the highest common factor of 21413 and 1204809?
437
Calculate the highest common factor of 2191008 and 656358.
4722
Calculate the highest common divisor of 38479300 and 1714.
1714
Calculate the greatest common divisor of 104 and 